{"id":828,"date":"2013-11-02T01:18:35","date_gmt":"2013-11-02T00:18:35","guid":{"rendered":"http:\/\/www.devtal.de\/blog\/?page_id=828"},"modified":"2014-11-14T17:35:24","modified_gmt":"2014-11-14T16:35:24","slug":"faq","status":"publish","type":"page","link":"https:\/\/www.devtal.de\/blog\/faq\/","title":{"rendered":"FAQ"},"content":{"rendered":"<h2>Wann kann ich das \/dev\/tal besuchen?<\/h2>\n<p>Jeden Donnerstag ab ca. 20 Uhr oder Freitag ab ca. 18 Uhr ist wer da. Au\u00dferhalb ist das \/dev\/tal in unregelm\u00e4\u00dfigen Abstanden offen.<br \/>\nAm jeweils 15ten eines Monats findet unser \/dev\/tal &#8211;update statt. Auf diesem werden aktuelle Themen besprochen.<\/p>\n<h2>Was kann man im \/dev\/tal machen?<\/h2>\n<p>Alles! Okay, fast alles. Von Reden, Fachsimpeln, Programmieren und L\u00f6ten bis hin zu 3-D-Drucken, Styroporschneiden und Lasercutten. Und noch viel mehr. Eine Auflistung unserer Maschinen, Ger\u00e4te und Werkzeuge findest du unter http:\/\/www.devtal.de\/wiki\/Inventar (ohne Anspruch auf Vollst\u00e4ndigkeit). Viele weitere M\u00f6glichkeiten ergeben sich im Gespr\u00e4ch vor Ort.<\/p>\n<h2>K\u00f6nnt ihr mir etwas bauen\/fertigen?<\/h2>\n<p>Nein, wir sind nur ein Verein mit ehrenamtlichen Mitarbeitern. Wir k\u00f6nnen dir allerdings zeigen, wie die Maschinen zu benutzen sind, und du kannst das dann selbst herstellen. Die Fertigung von Sachen f\u00fcr andere k\u00f6nnen wir aus Zeitgr\u00fcnden nicht durchf\u00fchren. Ggf. k\u00f6nnen wir Dir einen Kontakt zu einem Profi vermitteln.<\/p>\n<h2>Wie lange gibt es das \/dev\/tal?<\/h2>\n<p>Gegr\u00fcndet wurde das \/dev\/tal im Juli 2011.<\/p>\n<h2>Was seid ihr f\u00fcr ein Laden?<\/h2>\n<p>Wir sind ein gemeinn\u00fctziger Verein, eine Kombination von offener Werkstatt, Hackerspace und FabLab. Wir bieten R\u00e4ume und Maschinen f\u00fcr die \u00d6ffentlichkeit an.<\/p>\n<h2>F\u00fcr was steht der Namen \/dev\/tal?<\/h2>\n<p>Der Namen lehnt sich an die klassischen Unix Pfadnamen an. In diesem steht \/dev f\u00fcr ein normales Ger\u00e4t und \/tal kommt von unserer Stadt Wuppertal.<\/p>\n<h2>Wie viele Mitglieder hat das \/dev\/tal?<\/h2>\n<p>Im November 2013 gab es ca. 42 Mitglieder.<\/p>\n<h2>Wie kann ich Euch unterst\u00fctzen, ohne Mitglied zu werden?<\/h2>\n<p>Da gibt es einige M\u00f6glichkeiten: Du kannst Geld spenden, Vortr\u00e4ge halten, Workshops organisieren, Werbung f\u00fcr uns machen, bei unseren Projekten mitmachen oder einfach dein Wissen und deine F\u00e4higkeiten mit uns teilen.<\/p>\n<h2>K\u00f6nnt ihr meine Sache oder mein Ger\u00e4t reparieren?<\/h2>\n<p>Grunds\u00e4tzlich: Nein, Du reparierst es selbst! Mehr infos sind auf der Seite vom <a href=\"http:\/\/www.devtal.de\/blog\/reparatur-cafe\/\">Reparatur Caf\u00e9<\/a>, dort steht alles, was du wissen musst.<\/p>\n<h2>Darf man als Pressevertreter einfach so vorbeikommen?<\/h2>\n<p>Nein, eine Woche vorher m\u00fcssen alle Pressebesuche angemeldet werden. Beachte auch das Pers\u00f6nlichkeitsrecht der Anwesenden und frage BEVOR du Fotos machst.<\/p>\n<h2>Darf ich einfach so eure Maschinen und Ger\u00e4te benutzen?<\/h2>\n<p>Prinzipiell ja. Einige Ger\u00e4te Bedarfen jedoch einer Einf\u00fchrung.<br \/>\nWenn du etwas spezielles benutzen m\u00f6chtest wende dich an die Ansprechpartner siehe <a href=\"http:\/\/www.devtal.de\/wiki\/Inventar\">Inventar<\/a>.<\/p>\n<h2>Ich stand vor dem Bahnhof und habe keinen Eingang gefunden.<\/h2>\n<p>Infos zur Anreise findest du unter <a href=\"http:\/\/www.devtal.de\/blog\/anreise\/\">LINK<\/a>.<\/p>\n<h2>Ist das \/dev\/tal auch f\u00fcr Menschen mit Behinderung zug\u00e4nglich?<\/h2>\n<p>Rollstuhlgerecht ist der Zugang leider nicht, denn es gibt keinen Aufzug. Du kannst selbstverst\u00e4ndlich aber dennoch vorbeikommen. Wenn du uns vorab eine Mail (info at devtal.de) zukommen l\u00e4sst, versuchen wir eine L\u00f6sung zu finden und helfen dir. Grunds\u00e4tzlich sind wir Menschen mit Behinderungen gegen\u00fcber sehr aufgeschlossen. Die Werkstatt und damit auch das Reparatur-Caf\u00e9 sind ebenerdig zu erreichen.<\/p>\n","protected":false},"excerpt":{"rendered":"<p>Wann kann ich das \/dev\/tal besuchen? Jeden Donnerstag ab ca. 20 Uhr oder Freitag ab ca. 18 Uhr ist wer da. Au\u00dferhalb ist das \/dev\/tal in unregelm\u00e4\u00dfigen Abstanden offen. Am jeweils 15ten eines Monats findet unser \/dev\/tal &#8211;update statt. Auf &hellip; <a href=\"https:\/\/www.devtal.de\/blog\/faq\/\">Weiterlesen <span class=\"meta-nav\">&rarr;<\/span><\/a><\/p>\n","protected":false},"author":18,"featured_media":0,"parent":0,"menu_order":0,"comment_status":"open","ping_status":"open","template":"","meta":{"footnotes":""},"class_list":["post-828","page","type-page","status-publish","hentry"],"_links":{"self":[{"href":"https:\/\/www.devtal.de\/blog\/wp-json\/wp\/v2\/pages\/828","targetHints":{"allow":["GET"]}}],"collection":[{"href":"https:\/\/www.devtal.de\/blog\/wp-json\/wp\/v2\/pages"}],"about":[{"href":"https:\/\/www.devtal.de\/blog\/wp-json\/wp\/v2\/types\/page"}],"author":[{"embeddable":true,"href":"https:\/\/www.devtal.de\/blog\/wp-json\/wp\/v2\/users\/18"}],"replies":[{"embeddable":true,"href":"https:\/\/www.devtal.de\/blog\/wp-json\/wp\/v2\/comments?post=828"}],"version-history":[{"count":0,"href":"https:\/\/www.devtal.de\/blog\/wp-json\/wp\/v2\/pages\/828\/revisions"}],"wp:attachment":[{"href":"https:\/\/www.devtal.de\/blog\/wp-json\/wp\/v2\/media?parent=828"}],"curies":[{"name":"wp","href":"https:\/\/api.w.org\/{rel}","templated":true}]}}

<h2>Wann kann ich das /dev/tal besuchen?</h2>
<p>Jeden Donnerstag ab ca. 20 Uhr oder Freitag ab ca. 18 Uhr ist wer da. Außerhalb ist das /dev/tal in unregelmäßigen Abstanden offen.<br />
Am jeweils 15ten eines Monats findet unser /dev/tal &#8211;update statt. Auf diesem werden aktuelle Themen besprochen.</p>
<h2>Was kann man im /dev/tal machen?</h2>
<p>Alles! Okay, fast alles. Von Reden, Fachsimpeln, Programmieren und Löten bis hin zu 3-D-Drucken, Styroporschneiden und Lasercutten. Und noch viel mehr. Eine Auflistung unserer Maschinen, Geräte und Werkzeuge findest du unter http://www.devtal.de/wiki/Inventar (ohne Anspruch auf Vollständigkeit). Viele weitere Möglichkeiten ergeben sich im Gespräch vor Ort.</p>
<h2>Könnt ihr mir etwas bauen/fertigen?</h2>
<p>Nein, wir sind nur ein Verein mit ehrenamtlichen Mitarbeitern. Wir können dir allerdings zeigen, wie die Maschinen zu benutzen sind, und du kannst das dann selbst herstellen. Die Fertigung von Sachen für andere können wir aus Zeitgründen nicht durchführen. Ggf. können wir Dir einen Kontakt zu einem Profi vermitteln.</p>
<h2>Wie lange gibt es das /dev/tal?</h2>
<p>Gegründet wurde das /dev/tal im Juli 2011.</p>
<h2>Was seid ihr für ein Laden?</h2>
<p>Wir sind ein gemeinnütziger Verein, eine Kombination von offener Werkstatt, Hackerspace und FabLab. Wir bieten Räume und Maschinen für die Öffentlichkeit an.</p>
<h2>Für was steht der Namen /dev/tal?</h2>
<p>Der Namen lehnt sich an die klassischen Unix Pfadnamen an. In diesem steht /dev für ein normales Gerät und /tal kommt von unserer Stadt Wuppertal.</p>
<h2>Wie viele Mitglieder hat das /dev/tal?</h2>
<p>Im November 2013 gab es ca. 42 Mitglieder.</p>
<h2>Wie kann ich Euch unterstützen, ohne Mitglied zu werden?</h2>
<p>Da gibt es einige Möglichkeiten: Du kannst Geld spenden, Vorträge halten, Workshops organisieren, Werbung für uns machen, bei unseren Projekten mitmachen oder einfach dein Wissen und deine Fähigkeiten mit uns teilen.</p>
<h2>Könnt ihr meine Sache oder mein Gerät reparieren?</h2>
<p>Grundsätzlich: Nein, Du reparierst es selbst! Mehr infos sind auf der Seite vom <a href="http://www.devtal.de/blog/reparatur-cafe/">Reparatur Café</a>, dort steht alles, was du wissen musst.</p>
<h2>Darf man als Pressevertreter einfach so vorbeikommen?</h2>
<p>Nein, eine Woche vorher müssen alle Pressebesuche angemeldet werden. Beachte auch das Persönlichkeitsrecht der Anwesenden und frage BEVOR du Fotos machst.</p>
<h2>Darf ich einfach so eure Maschinen und Geräte benutzen?</h2>
<p>Prinzipiell ja. Einige Geräte Bedarfen jedoch einer Einführung.<br />
Wenn du etwas spezielles benutzen möchtest wende dich an die Ansprechpartner siehe <a href="http://www.devtal.de/wiki/Inventar">Inventar</a>.</p>
<h2>Ich stand vor dem Bahnhof und habe keinen Eingang gefunden.</h2>
<p>Infos zur Anreise findest du unter <a href="http://www.devtal.de/blog/anreise/">LINK</a>.</p>
<h2>Ist das /dev/tal auch für Menschen mit Behinderung zugänglich?</h2>
<p>Rollstuhlgerecht ist der Zugang leider nicht, denn es gibt keinen Aufzug. Du kannst selbstverständlich aber dennoch vorbeikommen. Wenn du uns vorab eine Mail (info at devtal.de) zukommen lässt, versuchen wir eine Lösung zu finden und helfen dir. Grundsätzlich sind wir Menschen mit Behinderungen gegenüber sehr aufgeschlossen. Die Werkstatt und damit auch das Reparatur-Café sind ebenerdig zu erreichen.</p>

<p>Wann kann ich das /dev/tal besuchen? Jeden Donnerstag ab ca. 20 Uhr oder Freitag ab ca. 18 Uhr ist wer da. Außerhalb ist das /dev/tal in unregelmäßigen Abstanden offen. Am jeweils 15ten eines Monats findet unser /dev/tal &#8211;update statt. Auf &hellip; <a href="https://www.devtal.de/blog/faq/">Weiterlesen <span class="meta-nav">&rarr;</span></a></p>
