{"id":847,"date":"2013-11-30T13:02:28","date_gmt":"2013-11-30T12:02:28","guid":{"rendered":"http:\/\/www.devtal.de\/blog\/?page_id=847"},"modified":"2017-02-02T01:58:07","modified_gmt":"2017-02-02T00:58:07","slug":"fablab","status":"publish","type":"page","link":"https:\/\/www.devtal.de\/blog\/fablab\/","title":{"rendered":"FabLab"},"content":{"rendered":"<p>Siehe auch <a href=\"http:\/\/wiki.utopisten.eu\/wiki\/UTOPIAwerkstadt\">UTOPIAwerkstadt<\/a>.<\/p>\n<h2>Was ist ein FabLab?<\/h2>\n<p>Ein FabLab (fabrication laboratory) ist eine offene Werkstatt, die auf computergesteuerte Fertigung ausgerichtet ist. Ziel eines FabLabs ist es, dass jeder seine Ideen in die Tat umsetzen kann. Dazu werden High-Tech-Maschinen und das n\u00f6tige Wissen zur Verf\u00fcgung gestellt, sodass ansonsten Unm\u00f6gliches verwirklicht werden kann.<\/p>\n<p><a id=\"FabLabs_sind_offen\" name=\"FabLabs_sind_offen\"><\/a><\/p>\n<h3>FabLabs sind offen<\/h3>\n<p>Die FabLab-Bewegung ist aus der Vorlesung \u201cHow to Make (Almost) Anything\u201d von Professor Neil Gershenfeld am Center for Bits and Atoms des renommierten Massachusetts Institute of Technology hervorgegangen. F\u00fcr diese Veranstaltung schaffte Professor Gershenfeld eine Werkstatt an, die er seinen Studenten zur Verf\u00fcgung stellte.<\/p>\n<p>Der Ansturm auf die Vorlesung \u00fcberraschte ihn \u2013 viele kamen, weil sie schon immer eine Idee verwirklichen wollten, aber nie die Gelegenheit und Voraussetzungen daf\u00fcr hatten, die es im Rahmen dieser Veranstaltung gab.<\/p>\n<p>Befl\u00fcgelt vom Erfolg der Lehrveranstaltung begann man am MIT ein Konzept zusammenzustellen, nach dem \u00e4hnliche Werkst\u00e4tten weltweit aufgebaut werden konnten. Aus diesem Grund findet sich in allen FabLabs weltweit eine \u00e4hnliche Ausstattung. Dabei wurde besonders auf den Aspekt der \u201cpersonal fabrication\u201d Wert gelegt \u2013 d.h. FabLabs sind nicht zur Massenproduktion gedacht, sondern sollen jedem Einzelnen die M\u00f6glichkeit geben, stark individualisierte Projekte mit leistungsf\u00e4higen industriellen Produktionsverfahren zu realisieren. Dazu wurde vom MIT eine Charta f\u00fcr FabLabs ver\u00f6ffentlicht, die vorsieht, dass jeder Zugang zu einem FabLab erhalten sollte.<\/p>\n<p><a id=\"FabLabs_sind_digital\" name=\"FabLabs_sind_digital\"><\/a><\/p>\n<h3>FabLabs sind digital<\/h3>\n<p>Die Ausstattung eines FabLabs besteht zum gr\u00f6\u00dften Teil aus digitalen Maschinen. Durch die computergest\u00fctze Entwicklung k\u00f6nnen selbst komplexe und detailreiche Werkst\u00fccke einfach entworfen und pr\u00e4zise gefertigt werden. Zur Standardausstattung eines FabLabs geh\u00f6ren Maschinen und Werkzeuge zum<\/p>\n<ul>\n<li>Schneiden und Gravieren (Lasercutter, Folienschneider)<\/li>\n<li>subtraktiven Arbeiten (CNC-Fr\u00e4se)<\/li>\n<li>additiven Arbeiten (3D-Drucker)<\/li>\n<li>Herstellen (Belichtungs- und \u00c4tzger\u00e4t) und Best\u00fccken (L\u00f6tkolben) von Leiterplatten.<\/li>\n<\/ul>\n<p><b>Die Nutzung der FabLabs ist dabei in der Regel kostenlos \u2013 die Nutzer tragen lediglich die Kosten der verbrauchten Materialien.<\/b><\/p>\n<p><a id=\"FabLabs_sind_global\" name=\"FabLabs_sind_global\"><\/a><\/p>\n<h3>FabLabs sind global<\/h3>\n<p>Aus der am MIT entstandenen Idee hat sich eine globale Bewegung entwickelt. Aktuell verdoppelt sich die Anzahl von FabLabs weltweit j\u00e4hrlich. Das erste FabLab Deutschlands er\u00f6ffnete Ende 2009 an RWTH Aachen; mittlerweile gibt es im deutschsprachigen Raum voll ausgestattete Werkst\u00e4tten unter anderem in M\u00fcnchen, Wien und N\u00fcrnberg. Neben dem Stammland, den USA, in dem es im Oktober 2011 22 offene Werkst\u00e4tten gibt, ist die Bewegung auch in Europa vertreten , etwa in Belgien, Frankreich, Island, den Niederlanden, Norwegen, Portugal, Spanien, der Schweiz und in Gro\u00dfbritannien. Selbst vor dem afrikanischen Kontinent macht die Idee nicht halt: 8 FabLabs befinden sich dort aktuell.<\/p>\n<p>Diese \u00fcber den Erdball verteilten Einrichtungen geh\u00f6ren rechtlich keiner gemeinsamen Vereinigung an \u2013 dennoch dient das MIT als Ausgangspunkt der Bewegung als zentraler Dachverband und Ansprechpartner. Ansonsten organisiert sich die Community weitestgehend \u00fcber das Internet selbst.<\/p>\n<p><a id=\"FabLabs_sind_vernetzt\" name=\"FabLabs_sind_vernetzt\"><\/a><\/p>\n<h3>FabLabs sind vernetzt<\/h3>\n<p>Im Umgang mit Maschinen und Verfahren macht man viele wertvolle Erfahrungen. Ein zentraler Gedanke der FabLab-Bewegung ist diese Erfahrungen weiter zu geben, sodass andere Nutzer der FabLabs daraus lernen k\u00f6nnen. Diese Idee ist in der Fab-Charta festgehalten.<\/p>\n<p>Zudem sind die FabLabs bem\u00fcht Informationen gem\u00e4\u00df der Charta nicht nur innerhalb des Labs weiter zu geben, sondern auch mit jedem, der sich daf\u00fcr interessiert zu teilen. Dazu vernetzen sich die einzelnen FabLabs \u00fcber das Internet, kommunizieren per Email oder Skype und halten zum Beispiel Videokonferenzen ab. Die meisten deutschen FabLabs sind mit im Verbund offener Werkst\u00e4tten organisiert.<\/p>\n<p><a id=\"Aktueller_Status\" name=\"Aktueller_Status\"><\/a><\/p>\n<h2>Aktueller Status<\/h2>\n<p>Wir befinden uns aktuell im Aufbau \/ Gr\u00fcndung. Dennoch wird aber schon gebastelt und gewerkelt. Solltest du Interesse haben selber was zu bauen oder beim Aufbau mitzuhelfen, kannst du dich bei uns melden.<br \/>\n<a id=\"Ausstattung\" name=\"Ausstattung\"><\/a><\/p>\n<h2>Ausstattung<\/h2>\n<p>Auf folgender Seite findet ihr die Ausstattung unseres FabLab.<\/p>\n<p>Eine\u00a0<a title=\"http:\/\/lists.devtal.de\/mailman\/listinfo\/fablab\" href=\"http:\/\/lists.devtal.de\/mailman\/listinfo\/fablab\" rel=\"nofollow\">Mailingliste<\/a>\u00a0existiert. Hier kannst du dich mit eintragen und bekommst Infos zu weiteren Entwicklungen.<\/p>\n","protected":false},"excerpt":{"rendered":"<p>Siehe auch UTOPIAwerkstadt. Was ist ein FabLab? Ein FabLab (fabrication laboratory) ist eine offene Werkstatt, die auf computergesteuerte Fertigung ausgerichtet ist. Ziel eines FabLabs ist es, dass jeder seine Ideen in die Tat umsetzen kann. Dazu werden High-Tech-Maschinen und das &hellip; <a href=\"https:\/\/www.devtal.de\/blog\/fablab\/\">Weiterlesen <span class=\"meta-nav\">&rarr;<\/span><\/a><\/p>\n","protected":false},"author":2,"featured_media":0,"parent":0,"menu_order":0,"comment_status":"open","ping_status":"open","template":"","meta":{"footnotes":""},"class_list":["post-847","page","type-page","status-publish","hentry"],"_links":{"self":[{"href":"https:\/\/www.devtal.de\/blog\/wp-json\/wp\/v2\/pages\/847","targetHints":{"allow":["GET"]}}],"collection":[{"href":"https:\/\/www.devtal.de\/blog\/wp-json\/wp\/v2\/pages"}],"about":[{"href":"https:\/\/www.devtal.de\/blog\/wp-json\/wp\/v2\/types\/page"}],"author":[{"embeddable":true,"href":"https:\/\/www.devtal.de\/blog\/wp-json\/wp\/v2\/users\/2"}],"replies":[{"embeddable":true,"href":"https:\/\/www.devtal.de\/blog\/wp-json\/wp\/v2\/comments?post=847"}],"version-history":[{"count":0,"href":"https:\/\/www.devtal.de\/blog\/wp-json\/wp\/v2\/pages\/847\/revisions"}],"wp:attachment":[{"href":"https:\/\/www.devtal.de\/blog\/wp-json\/wp\/v2\/media?parent=847"}],"curies":[{"name":"wp","href":"https:\/\/api.w.org\/{rel}","templated":true}]}}